 = 5*d - 4. Let j be (-8)/(-6)*(-6)/d. List the prime factors of 6 + 1/(-2)*j.
7
Let m(x) be the first derivative of -x**2/2 + 5*x + 4. What are the prime factors of m(-6)?
11
Let s be 5/2 - (-12)/8. Let v be 3/(-2)*12/(-9). What are the prime factors of 5*v + (3 - s)?
3
List the prime factors of ((-246)/(-9) + 1)*3.
5, 17
Suppose 0*m = 2*m. Suppose -z = -m*z + 3. What are the prime factors of (9/4)/(z/(-8))?
2, 3
Let o = 270 - 183. List the prime factors of o.
3, 29
Let p = -8 - -16. Let t = p + 6. What are the prime factors of (-602)/(-49) + (-4)/t?
2, 3
Let n = -20 + 1. Let c be -8 + 42 + (-1)/(-1). Let l = n + c. What are the prime factors of l?
2
List the prime factors of (-244)/(-24) - (-4)/(-24).
2, 5
Let a = -37 + 60. What are the prime factors of a?
23
Let c(s) = -s - 9. Let k be c(7). Let u = -9 - k. What are the prime factors of u?
7
Suppose 31 = 4*p + 3*j - 19, 2*j + 40 = 4*p. Suppose -c + 2 = -p. What are the prime factors of c?
13
Suppose -21*u + 6*u + 3180 = 0. List the prime factors of u.
2, 53
Let g = -2 - -58. Suppose -g = -3*n - n - 4*h, -12 = -4*h. List the prime factors of n.
11
What are the prime factors of ((-29)/(-2) - 2)*2?
5
Let n = 352 + -153. What are the prime factors of n?
199
Let h(c) = -c + 10. Let y be h(8). Suppose z - 15 = w, -3*z = 3*w + y*w - 21. List the prime factors of z.
2, 3
Suppose -4*c + 2*w = -12, -5*w = -4*c + 18 - 6. Suppose 7*j - 3*j + c*h = 7, 2*j - 16 = -4*h. Let f(z) = -2*z + 2. List the prime factors of f(j).
2, 3
Let p be (0 - 2 - -2) + 3. Suppose -7*l = -p*l - 8. Suppose -l*m - m + 6 = 0. What are the prime factors of m?
2
Suppose 0 = -7*l + 2*l + 10, 4*n + 3*l = 6. Suppose 25 = 4*s + s. Suppose -2*o = s*u - 42, -4*u = o - 33 - n. What are the prime factors of u?
2
Let w = 88 - -68. What are the prime factors of w?
2, 3, 13
Suppose 5*u + 25 = -3*r, 15 = -5*r + 3*u + 2*u. Let g = -2 - r. What are the prime factors of g?
3
Suppose 4*t - 3*t = 13. Let m = 13 - 21. Let c = m + t. What are the prime factors of c?
5
Let s = -10 - -16. Suppose -5*o + 18 = 5*h - 3*o, -3*h = 5*o - 26. Suppose h*y = s*y - 32. List the prime factors of y.
2
Suppose -4*d = -2*r - 76, 3*r = -r. Let z = -7 - -11. Suppose d = 4*p - 3*l, -3*l + 9 + 28 = z*p. What are the prime factors of p?
7
Suppose 4*m - 4*h - 124 = 0, 3*m - 43 - 15 = -4*h. List the prime factors of m.
2, 13
Let n = 565 + -313. List the prime factors of n.
2, 3, 7
Let j(a) = 2*a**2 - 4. List the prime factors of j(3).
2, 7
Let o = 2 + 0. Suppose 2*y + 5*u + 21 = 3*y, 5*u = o*y - 27. List the prime factors of (4 + -1)*8/y.
2
Let l = 29 + -20. What are the prime factors of l?
3
Let g(c) = -c**3 - 7*c**2 + 4. Let f = 2 + -9. List the prime factors of g(f).
2
Suppose 0 = -0*p - 2*p + 8. Suppose 13 = p*m + 5. What are the prime factors of m?
2
Suppose 0*n + n - 2 = 0. Suppose -2*z = -2*h + 4, 5 = -h + 4*z - n. Suppose -2*b - h = -3*a - 0*a, 5*a - 19 = -2*b. What are the prime factors of b?
2
Let u(p) = -p + 5. Let a be u(-5). Let m be ((-6)/(-4))/(5/a). List the prime factors of (12/2)/(m/2).
2
Suppose -4*y + 187 + 305 = 0. List the prime factors of y.
3, 41
Suppose 0 = a + u, -a + 2*a = 2*u + 6. Suppose -31 = -3*n - 5*b, 2*n + a*b = 35 - 13. List the prime factors of n.
2, 3
Let i(y) = -76*y - 38. What are the prime factors of i(-3)?
2, 5, 19
Suppose 0*g - 4*g + 8 = 0. What are the prime factors of (-3)/g + (-106)/(-4)?
5
Suppose 5*v - 105 = 125. List the prime factors of v.
2, 23
Let i(w) = -4*w - 2. Let z be i(-12). Suppose -3*j + 47 = -z. List the prime factors of j.
31
Let q be 36/10 - 12/(-30). Suppose -3*y + 105 = q*o, 0 = -4*o + 5*y - 0*y + 145. What are the prime factors of o?
2, 3, 5
What are the prime factors of 1*16/12*54?
2, 3
Let q = 13 - 3. Suppose 25 = 5*m - 0*s - 5*s, -4*s = -2*m + q. Suppose 28 = -a + m*a. What are the prime factors of a?
7
Let k be 1/((12/15)/(-4)). Let d = 1 + k. List the prime factors of (-216)/(-16) - (-2)/d.
13
Let l = -108 + 156. List the prime factors of l.
2, 3
What are the prime factors of 3/(-4)*(1 - -3) - -78?
3, 5
Let i = 5 - 3. Let r = i + 1. What are the prime factors of r?
3
Let k be 3/(0 + 1/15). Let f = 8 - 6. List the prime factors of k/3 - (2 - f).
3, 5
Suppose 0 = -4*l - l + 30. Let u = -1 + l. Suppose 5*j - 25 = -u. What are the prime factors of j?
2
Suppose -5*r - 2*q = -10, -5*r + r + 4*q = -8. Suppose -h + 177 = r*h. Suppose -47 = -3*t - j, t = -2*t + 2*j + h. What are the prime factors of t?
17
Let u(j) = j**2 - j. Let c(n) = -5*n**2 + 14*n + 6. Let d(w) = c(w) + 6*u(w). What are the prime factors of d(-8)?
2, 3
Suppose -2*m = -3*l - 7*m - 23, -3*m = l + 13. Let v(r) = -13*r**3 - r**2 + 1. List the prime factors of v(l).
13
Let i(t) = t**3 + 17*t**2 + 11*t + 32. What are the prime factors of i(-16)?
2, 7
Let y be 1/(-3) + 156/(-18). What are the prime factors of 0 + y*4/(-3)?
2, 3
Let a(r) = r**3 + 16*r**2 + 11*r - 1. What are the prime factors of a(-14)?
3, 79
Let h(q) = 2*q + 4. What are the prime factors of h(9)?
2, 11
Let d be 2/3 + 14/6. Let a = d + -1. Let v(i) = 3*i**2 + 3*i - 3. What are the prime factors of v(a)?
3, 5
Suppose -2*y + 7 = m, -2*m + 5*y + 10 + 13 = 0. What are the prime factors of m?
3
Let f(a) = a**2 - 4*a - 7. List the prime factors of f(-4).
5
Let i(g) = 10*g + 5. What are the prime factors of i(6)?
5, 13
Let m(c) be the third derivative of -c**5/60 - c**4/3 + 5*c**3/6 - 3*c**2. What are the prime factors of m(-8)?
5
Let a(s) = -3*s**2 + 5*s - 4. Let c be a(3). Let j = c + 22. What are the prime factors of j?
2, 3
Let s = 6 - 6. Suppose 2*i = 6 - s. Let w(f) = 4*f - 1. List the prime factors of w(i).
11
Let j = 325 + -140. Suppose 9*v - j = 4*v. What are the prime factors of v?
37
Let i be 2/7 + (-76)/(-28). Suppose 4*o - 42 = -3*n, 5*o - n - i*n = 68. What are the prime factors of o?
2, 3
Let l(x) = x**3 + 2*x**2 - 3*x. Let b be l(-3). Suppose -4*h + w + 23 = 0, h - 5*w + b = 1. What are the prime factors of h?
2, 3
Let z = 25 - 18. Suppose m - 2 = 2*f + z, 4*f + 20 = 4*m. Suppose -5*w + 19 + m = 0. List the prime factors of w.
2
Let w(y) = 5*y**3 - 3*y + 3. List the prime factors of w(2).
37
Let y(p) = p**2 - 3*p + 7. Let s be ((-6)/(-4))/((-2)/(-4)). What are the prime factors of y(s)?
7
Let y be 2 - ((-2)/1 - 0). Suppose 0 = z + 2*o - 14, 0 = -4*o - y + 24. Suppose z*f = -4*h + 16, f - 2*h + 2 - 6 = 0. List the prime factors of f.
2
Suppose -2*j - n - 10 = 0, 0*j - n = -3*j - 5. Let l = j + 6. List the prime factors of l.
3
Suppose 0*a - 4*a + 4*y = -24, -2*a - 2*y + 8 = 0. Suppose 3*b = a*b. List the prime factors of 2 - (b - (11 + -2)).
11
Let z = -258 - -180. List the prime factors of z/(-5) + 2/5.
2
Let s = -17 - -20. Suppose s*p + 8 = 47. What are the prime factors of p?
13
Let j = 105 - 72. What are the prime factors of j?
3, 11
Suppose -b - 4*b = 3*v - 183, 5*v = 3*b - 103. What are the prime factors of b?
2, 3
Let k be (2/(-4))/(1/70). Let a be (-2)/(2/k) - 2. Suppose 3*m + 6 = a. What are the prime factors of m?
3
Let q(u) = u**2 + 5*u + 3. Let k be (-26)/6 + (-4)/6. List the prime factors of q(k).
3
Let v(d) = d**2 + 33. List the prime factors of v(0).
3, 11
Let c(z) = -z**3 - 8*z**2 - z - 1. Let d be c(-8). Let b be d/7 - (1 + -20). Let y = b + -8. What are the prime factors of y?
2, 3
Suppose -3*l = -l + 60. Let h be (32/(-10))/(-4)*l. What are the prime factors of h/((9/6)/(-1))?
2
Let n(p) be the second derivative of -p**3/6 - 3*p**2 - 2*p. Let u be n(-8). Suppose u*z + 3*z = 15. List the prime factors of z.
3
Let u be 2 + 1/(3/6). Suppose -3 - u = -m. What are the prime factors of m?
7
Let v = -4 + 4. Suppose 4*h + 4*s - 148 = v, 4*s + 235 = 5*h - s. What are the prime factors of h?
2, 3, 7
Let o(m) = m**3 + 8*m**2 + 5*m - 4. Let u be o(-6). Suppose -4*j + 47 = r, -5*r - u = -0*j - j. What are the prime factors of j?
13
Let a be (-75)/2*(-12)/15. Suppose 0 = -2*x + d + 25, 4*x - d - 15 = a. What are the prime factors of x?
2, 5
Suppose 8*y - 10*y = -32. List the prime factors of y.
2
Let g = -16 - -10. Let h be 0 + (-5)/(15/g). Suppose 0 = -4*z - 2*b + 20, 2*z - h = 5*b + 32. List the prime factors of z.
7
Let v be (165/44)/((-3)/8). Let s = v + 18. What are the prime factors of s?
2
List the prime factors of 4*19*(-1)/(-2).
2, 19
Let g be (2/(-3))/(2